{"id":664,"date":"2021-12-27T15:09:39","date_gmt":"2021-12-27T17:09:39","guid":{"rendered":"https:\/\/klimasul.com.br\/?page_id=664"},"modified":"2022-04-29T18:13:45","modified_gmt":"2022-04-29T21:13:45","slug":"representadas","status":"publish","type":"page","link":"https:\/\/klimasul.com.br\/?page_id=664","title":{"rendered":"Representadas"},"content":{"rendered":"<div class=\"wp-block-columns is-layout-flex wp-container-core-columns-is-layout-9d6595d7 wp-block-columns-is-layout-flex\"><div class=\"wp-block-column is-layout-flow wp-block-column-is-layout-flow\"><div class=\"wp-block-image\"><figure class=\"aligncenter size-full\"><img loading=\"lazy\" decoding=\"async\" width=\"440\" height=\"180\" src=\"https:\/\/klimasul.com.br\/wp-content\/uploads\/2022\/03\/certo.png\" alt=\"\" class=\"wp-image-1690\"\/><\/figure><\/div>\n\n<p class=\"has-text-align-center\" style=\"font-size:2rem\"><strong>Soler&amp;Palau<\/strong><\/p>\n\n<p>A&nbsp;<strong>S&amp;P Brasil&nbsp;Ventila\u00e7\u00e3o Ltda<\/strong>&nbsp;\u00e9 referencia mundial em fabrica\u00e7\u00e3o de ventiladores industriais de alta tecnologia, desenvolvidos dentro dos mais altos padr\u00f5es internacionais de qualidade. A empresa possui seu Sistema de Qualidade certificado pelas normas NBR ISO 9001, por um Organismo de Certifica\u00e7\u00e3o credenciado do INMETRO.<br>Dedica-se a fabrica\u00e7\u00e3o de sistemas de ventila\u00e7\u00e3o e exaust\u00e3o para aplica\u00e7\u00e3o industrial, comercial e dom\u00e9stica, al\u00e9m de aparelhos de calefa\u00e7\u00e3o el\u00e9trica e unidades de ventila\u00e7\u00e3o para o mercado de OEM.&nbsp;<\/p>\n\n<p><\/p>\n\n<div class=\"wp-block-buttons is-layout-flex wp-block-buttons-is-layout-flex\"><div class=\"wp-block-button has-custom-width wp-block-button__width-100\"><a class=\"wp-block-button__link\" href=\"https:\/\/klimasul.com.br\/?product_cat=solerpalau\">Conhe\u00e7a os produtos<\/a><\/div><\/div><\/div>\n\n<div class=\"wp-block-column is-layout-flow wp-block-column-is-layout-flow\"><div class=\"wp-block-image\"><figure class=\"aligncenter size-full\"><img loading=\"lazy\" decoding=\"async\" width=\"440\" height=\"180\" src=\"https:\/\/klimasul.com.br\/wp-content\/uploads\/2022\/03\/triar.png\" alt=\"\" class=\"wp-image-1692\"\/><\/figure><\/div>\n\n<p class=\"has-text-align-center\" style=\"font-size:2rem\"><strong>Triar<\/strong><\/p>\n\n<p>A Triar atua em diversos projetos de engenharia ligados a constru\u00e7\u00e3o civil e linhas de ar condicionado central. Al\u00e9m disso possui plataforma industrial para desenvolver e produzir solu\u00e7\u00f5es especiais como grelhas em inox.<\/p>\n\n<p>Com mais de 20 anos de experi\u00eancia no ramo de componentes para ar condicionado industrial,  \u00e9 especializada na fabrica\u00e7\u00e3o de componentes de ar condicionado central desde 2007.<\/p>\n\n<p>Possui uma linha completa de produtos do segmento, como difusores, grelhas, dampers, atenuadores de ru\u00eddo e&nbsp;portas ac\u00fasticas. <\/p>\n\n<div class=\"wp-block-buttons is-layout-flex wp-block-buttons-is-layout-flex\"><div class=\"wp-block-button has-custom-width wp-block-button__width-100\"><a class=\"wp-block-button__link\" href=\"https:\/\/klimasul.com.br\/?product_cat=triar\">Conhe\u00e7a os produtos<\/a><\/div><\/div><\/div><\/div><div style=\"height:100px\" aria-hidden=\"true\" class=\"wp-block-spacer\"><\/div><p class=\"has-large-font-size\"><strong>Distribuidor<\/strong><\/p><div class=\"wp-block-columns are-vertically-aligned-center is-layout-flex wp-container-core-columns-is-layout-9d6595d7 wp-block-columns-is-layout-flex\"><div class=\"wp-block-column is-vertically-aligned-center is-layout-flow wp-block-column-is-layout-flow\" style=\"flex-basis:33.34%\"><div class=\"wp-block-image\"><figure class=\"aligncenter\"><img loading=\"lazy\" decoding=\"async\" width=\"300\" height=\"300\" src=\"https:\/\/klimasul.com.br\/wp-content\/uploads\/2022\/04\/ACTUA.png\" alt=\"\" class=\"wp-image-1741\" srcset=\"https:\/\/klimasul.com.br\/wp-content\/uploads\/2022\/04\/ACTUA.png 300w, https:\/\/klimasul.com.br\/wp-content\/uploads\/2022\/04\/ACTUA-100x100.png 100w\" sizes=\"auto, (max-width: 300px) 100vw, 300px\" \/><\/figure><\/div>\n\n<h2 class=\"wp-block-heading\"><strong>Actua<\/strong><\/h2>\n\n<p>comercializa\u00e7\u00e3o de sistemas de controle para ar condicionado . Focada em produtos que tenham certifica\u00e7\u00f5es internacionais como ISO 9000, CE e CSA C\/US ,o que nos garante a qualidade e a confiabilidade do que comercializamos.<\/p>\n\n<div class=\"wp-block-buttons is-layout-flex wp-block-buttons-is-layout-flex\"><div class=\"wp-block-button has-custom-width wp-block-button__width-100\"><a class=\"wp-block-button__link\" href=\"https:\/\/klimasul.com.br\/?product_cat=actua\">Conhe\u00e7a os produtos<\/a><\/div><\/div><\/div>\n\n<div class=\"wp-block-column is-vertically-aligned-center is-layout-flow wp-block-column-is-layout-flow\" style=\"flex-basis:33.34%\"><\/div>\n\n<div class=\"wp-block-column is-vertically-aligned-center is-layout-flow wp-block-column-is-layout-flow\" style=\"flex-basis:33.33%\"><\/div><\/div><p><\/p>","protected":false},"excerpt":{"rendered":"<p>Soler&amp;Palau A&nbsp;S&amp;P Brasil&nbsp;Ventila\u00e7\u00e3o Ltda&nbsp;\u00e9 referencia mundial em fabrica\u00e7\u00e3o de ventiladores industriais de alta tecnologia, desenvolvidos dentro dos mais altos padr\u00f5es internacionais de qualidade. A empresa possui seu Sistema de Qualidade certificado pelas normas NBR ISO 9001, por um Organismo de Certifica\u00e7\u00e3o credenciado do INMETRO.Dedica-se a fabrica\u00e7\u00e3o de sistemas de ventila\u00e7\u00e3o e exaust\u00e3o para aplica\u00e7\u00e3o industrial, [&hellip;]<\/p>\n","protected":false},"author":1,"featured_media":0,"parent":0,"menu_order":0,"comment_status":"closed","ping_status":"closed","template":"","meta":{"inline_featured_image":false,"footnotes":""},"class_list":["post-664","page","type-page","status-publish","hentry"],"_links":{"self":[{"href":"https:\/\/klimasul.com.br\/index.php?rest_route=\/wp\/v2\/pages\/664","targetHints":{"allow":["GET"]}}],"collection":[{"href":"https:\/\/klimasul.com.br\/index.php?rest_route=\/wp\/v2\/pages"}],"about":[{"href":"https:\/\/klimasul.com.br\/index.php?rest_route=\/wp\/v2\/types\/page"}],"author":[{"embeddable":true,"href":"https:\/\/klimasul.com.br\/index.php?rest_route=\/wp\/v2\/users\/1"}],"replies":[{"embeddable":true,"href":"https:\/\/klimasul.com.br\/index.php?rest_route=%2Fwp%2Fv2%2Fcomments&post=664"}],"version-history":[{"count":33,"href":"https:\/\/klimasul.com.br\/index.php?rest_route=\/wp\/v2\/pages\/664\/revisions"}],"predecessor-version":[{"id":1851,"href":"https:\/\/klimasul.com.br\/index.php?rest_route=\/wp\/v2\/pages\/664\/revisions\/1851"}],"wp:attachment":[{"href":"https:\/\/klimasul.com.br\/index.php?rest_route=%2Fwp%2Fv2%2Fmedia&parent=664"}],"curies":[{"name":"wp","href":"https:\/\/api.w.org\/{rel}","templated":true}]}}