{"id":1301,"date":"2022-01-31T17:30:32","date_gmt":"2022-01-31T19:30:32","guid":{"rendered":"https:\/\/klimasul.com.br\/?post_type=product&#038;p=1301"},"modified":"2022-04-04T18:19:34","modified_gmt":"2022-04-04T21:19:34","slug":"rfd-rfs-industrial","status":"publish","type":"product","link":"https:\/\/klimasul.com.br\/?product=rfd-rfs-industrial","title":{"rendered":"RFD\/RFS industrial"},"content":{"rendered":"<h3 class=\"\">Resumo do Produto<\/h3>\n<p class=\"\">Os ventiladores RF possuem rotores de p\u00e1s em perfil aerof\u00f3lio voltadas para tr\u00e1s, tipo &#8220;LIMIT LOAD ou CARGA LIMITE&#8221;. S\u00e3o projetados para uma opera\u00e7\u00e3o silenciosa e de alto rendimento.<\/p>\n<h3 class=\"\">\u00c1rea de Aplica\u00e7\u00e3o<\/h3>\n<p class=\"\">Agricultura, Ventila\u00e7\u00e3o e exaust\u00e3o industrial<\/p>\n","protected":false},"excerpt":{"rendered":"<h3 class=\"\">RFD\/RFS industrial<\/h3>\n<p>Os ventiladores RF possuem rotores de p\u00e1s em perfil aerof\u00f3lio voltadas para tr\u00e1s, tipo &#8220;LIMIT LOAD ou CARGA LIMITE&#8221;. S\u00e3o projetados para uma opera\u00e7\u00e3o silenciosa e de alto rendimento.<\/p>\n<p><a href=\"https:\/\/klimasul.com.br\/wp-content\/uploads\/2022\/02\/RFS_RFD-031_2020-J.pdf\" target=\"_blank\" rel=\"noopener\"><img loading=\"lazy\" decoding=\"async\" class=\"alignnone wp-image-1728 size-full\" src=\"https:\/\/klimasul.com.br\/wp-content\/uploads\/2022\/02\/btn-manual.png\" alt=\"\" width=\"200\" height=\"67\" \/><\/a><\/p>\n","protected":false},"featured_media":1303,"comment_status":"open","ping_status":"closed","template":"","meta":{"inline_featured_image":false},"product_brand":[],"product_cat":[175],"product_tag":[],"class_list":{"0":"post-1301","1":"product","2":"type-product","3":"status-publish","4":"has-post-thumbnail","6":"product_cat-airfoil","8":"first","9":"instock","10":"shipping-taxable","11":"purchasable","12":"product-type-simple"},"_links":{"self":[{"href":"https:\/\/klimasul.com.br\/index.php?rest_route=\/wp\/v2\/product\/1301","targetHints":{"allow":["GET"]}}],"collection":[{"href":"https:\/\/klimasul.com.br\/index.php?rest_route=\/wp\/v2\/product"}],"about":[{"href":"https:\/\/klimasul.com.br\/index.php?rest_route=\/wp\/v2\/types\/product"}],"replies":[{"embeddable":true,"href":"https:\/\/klimasul.com.br\/index.php?rest_route=%2Fwp%2Fv2%2Fcomments&post=1301"}],"wp:featuredmedia":[{"embeddable":true,"href":"https:\/\/klimasul.com.br\/index.php?rest_route=\/wp\/v2\/media\/1303"}],"wp:attachment":[{"href":"https:\/\/klimasul.com.br\/index.php?rest_route=%2Fwp%2Fv2%2Fmedia&parent=1301"}],"wp:term":[{"taxonomy":"product_brand","embeddable":true,"href":"https:\/\/klimasul.com.br\/index.php?rest_route=%2Fwp%2Fv2%2Fproduct_brand&post=1301"},{"taxonomy":"product_cat","embeddable":true,"href":"https:\/\/klimasul.com.br\/index.php?rest_route=%2Fwp%2Fv2%2Fproduct_cat&post=1301"},{"taxonomy":"product_tag","embeddable":true,"href":"https:\/\/klimasul.com.br\/index.php?rest_route=%2Fwp%2Fv2%2Fproduct_tag&post=1301"}],"curies":[{"name":"wp","href":"https:\/\/api.w.org\/{rel}","templated":true}]}}