{"id":1306,"date":"2022-01-31T17:33:14","date_gmt":"2022-01-31T19:33:14","guid":{"rendered":"https:\/\/klimasul.com.br\/?post_type=product&#038;p=1306"},"modified":"2022-01-31T17:33:14","modified_gmt":"2022-01-31T19:33:14","slug":"fq-n","status":"publish","type":"product","link":"https:\/\/klimasul.com.br\/?product=fq-n","title":{"rendered":"FQ \/N"},"content":{"rendered":"<h3 class=\"\">Resumo do Produto<\/h3>\n<p class=\"\">Ventiladores para transporte de p\u00f3 em mistura com o ar. Esta s\u00e9rie, com rotor de p\u00e1s curvadas para tr\u00e1s, \u00e9 caracterizada pela alta efici\u00eancia, chegando a valores de at\u00e9 90%. Temperatura de funcionamento: 20\u00b0Ca +300\u00b0C.<\/p>\n<h3 class=\"\">\u00c1rea de Aplica\u00e7\u00e3o<\/h3>\n<p class=\"\">\u00c9 aplicado em sistemas de transporte pneum\u00e1tico, instala\u00e7\u00f5es de secagem, sistemas de exaust\u00e3o, tiragem for\u00e7ada (chamin\u00e9).<\/p>\n","protected":false},"excerpt":{"rendered":"<h3 class=\"\">FQ \/N<\/h3>\n<p>Ventiladores para transporte de p\u00f3 em mistura com o ar. Esta s\u00e9rie, com rotor de p\u00e1s curvadas para tr\u00e1s, \u00e9 caracterizada pela alta efici\u00eancia, chegando a valores de at\u00e9 90%. Temperatura de funcionamento: 20\u00b0Ca +300\u00b0C.<\/p>\n","protected":false},"featured_media":1308,"comment_status":"open","ping_status":"closed","template":"","meta":{"inline_featured_image":false},"product_brand":[],"product_cat":[174],"product_tag":[],"class_list":{"0":"post-1306","1":"product","2":"type-product","3":"status-publish","4":"has-post-thumbnail","6":"product_cat-heavy-duty","8":"first","9":"instock","10":"shipping-taxable","11":"purchasable","12":"product-type-simple"},"_links":{"self":[{"href":"https:\/\/klimasul.com.br\/index.php?rest_route=\/wp\/v2\/product\/1306","targetHints":{"allow":["GET"]}}],"collection":[{"href":"https:\/\/klimasul.com.br\/index.php?rest_route=\/wp\/v2\/product"}],"about":[{"href":"https:\/\/klimasul.com.br\/index.php?rest_route=\/wp\/v2\/types\/product"}],"replies":[{"embeddable":true,"href":"https:\/\/klimasul.com.br\/index.php?rest_route=%2Fwp%2Fv2%2Fcomments&post=1306"}],"wp:featuredmedia":[{"embeddable":true,"href":"https:\/\/klimasul.com.br\/index.php?rest_route=\/wp\/v2\/media\/1308"}],"wp:attachment":[{"href":"https:\/\/klimasul.com.br\/index.php?rest_route=%2Fwp%2Fv2%2Fmedia&parent=1306"}],"wp:term":[{"taxonomy":"product_brand","embeddable":true,"href":"https:\/\/klimasul.com.br\/index.php?rest_route=%2Fwp%2Fv2%2Fproduct_brand&post=1306"},{"taxonomy":"product_cat","embeddable":true,"href":"https:\/\/klimasul.com.br\/index.php?rest_route=%2Fwp%2Fv2%2Fproduct_cat&post=1306"},{"taxonomy":"product_tag","embeddable":true,"href":"https:\/\/klimasul.com.br\/index.php?rest_route=%2Fwp%2Fv2%2Fproduct_tag&post=1306"}],"curies":[{"name":"wp","href":"https:\/\/api.w.org\/{rel}","templated":true}]}}