{"id":1315,"date":"2022-01-31T17:36:31","date_gmt":"2022-01-31T19:36:31","guid":{"rendered":"https:\/\/klimasul.com.br\/?post_type=product&#038;p=1315"},"modified":"2022-01-31T17:43:23","modified_gmt":"2022-01-31T19:43:23","slug":"arf-arl","status":"publish","type":"product","link":"https:\/\/klimasul.com.br\/?product=arf-arl","title":{"rendered":"ARF \/ ARL"},"content":{"rendered":"<h3 class=\"\">Resumo do Produto<\/h3>\n<p class=\"\">Os ventiladores centr\u00edfugos tubulares s\u00e3o equipados com rotores do tipo air foil -ARF, que atingem alta efici\u00eancia. De constru\u00e7\u00e3o h\u00edbrida, possuem rotores t\u00edpicos de ventiladores centr\u00edfugos e carca\u00e7a tubular t\u00edpica de ventilador axial. Aplica\u00e7\u00f5es: Utilizados em aplica\u00e7\u00f5es onde \u00e9 necess\u00e1rio que o fluxo de ar (aspira\u00e7\u00e3o- descarga) seja em linha, atinja press\u00f5es relativamente altas e seja silencioso.<\/p>\n<h3 class=\"\">\u00c1rea de Aplica\u00e7\u00e3o<\/h3>\n<p class=\"\">Ventila\u00e7\u00e3o e exaust\u00e3o Industrial.<\/p>\n","protected":false},"excerpt":{"rendered":"<h3 class=\"\">ARF \/ ARL<\/h3>\n<p>Os ventiladores centr\u00edfugos tubulares s\u00e3o equipados com rotores do tipo air foil -ARF, que atingem alta efici\u00eancia. De constru\u00e7\u00e3o h\u00edbrida, possuem rotores t\u00edpicos de ventiladores centr\u00edfugos e carca\u00e7a tubular t\u00edpica de ventilador axial. Aplica\u00e7\u00f5es: Utilizados em aplica\u00e7\u00f5es onde \u00e9 necess\u00e1rio que o fluxo de ar (aspira\u00e7\u00e3o- descarga) seja em linha, atinja press\u00f5es relativamente altas e seja silencioso.<\/p>\n","protected":false},"featured_media":1316,"comment_status":"open","ping_status":"closed","template":"","meta":{"inline_featured_image":false},"product_brand":[],"product_cat":[179],"product_tag":[],"class_list":{"0":"post-1315","1":"product","2":"type-product","3":"status-publish","4":"has-post-thumbnail","6":"product_cat-centrifugos-tubulares","8":"first","9":"instock","10":"shipping-taxable","11":"purchasable","12":"product-type-simple"},"_links":{"self":[{"href":"https:\/\/klimasul.com.br\/index.php?rest_route=\/wp\/v2\/product\/1315","targetHints":{"allow":["GET"]}}],"collection":[{"href":"https:\/\/klimasul.com.br\/index.php?rest_route=\/wp\/v2\/product"}],"about":[{"href":"https:\/\/klimasul.com.br\/index.php?rest_route=\/wp\/v2\/types\/product"}],"replies":[{"embeddable":true,"href":"https:\/\/klimasul.com.br\/index.php?rest_route=%2Fwp%2Fv2%2Fcomments&post=1315"}],"wp:featuredmedia":[{"embeddable":true,"href":"https:\/\/klimasul.com.br\/index.php?rest_route=\/wp\/v2\/media\/1316"}],"wp:attachment":[{"href":"https:\/\/klimasul.com.br\/index.php?rest_route=%2Fwp%2Fv2%2Fmedia&parent=1315"}],"wp:term":[{"taxonomy":"product_brand","embeddable":true,"href":"https:\/\/klimasul.com.br\/index.php?rest_route=%2Fwp%2Fv2%2Fproduct_brand&post=1315"},{"taxonomy":"product_cat","embeddable":true,"href":"https:\/\/klimasul.com.br\/index.php?rest_route=%2Fwp%2Fv2%2Fproduct_cat&post=1315"},{"taxonomy":"product_tag","embeddable":true,"href":"https:\/\/klimasul.com.br\/index.php?rest_route=%2Fwp%2Fv2%2Fproduct_tag&post=1315"}],"curies":[{"name":"wp","href":"https:\/\/api.w.org\/{rel}","templated":true}]}}