{"id":1334,"date":"2022-01-31T17:46:42","date_gmt":"2022-01-31T19:46:42","guid":{"rendered":"https:\/\/klimasul.com.br\/?post_type=product&#038;p=1334"},"modified":"2022-04-04T17:33:12","modified_gmt":"2022-04-04T20:33:12","slug":"gabinetes-plenum-gp","status":"publish","type":"product","link":"https:\/\/klimasul.com.br\/?product=gabinetes-plenum-gp","title":{"rendered":"Gabinetes Plenum GP"},"content":{"rendered":"<h3 class=\"\">Resumo do Produto<\/h3>\n<p class=\"\">Os gabinetes GP s\u00e3o caixas de ventila\u00e7\u00e3o com descarga horizontal, vertical ou lateral com design compacto, projetadas para trabalhar com ar limpo. Suas principais aplica\u00e7\u00f5es s\u00e3o: inje\u00e7\u00e3o de ar limpo, pressuriza\u00e7\u00e3o, ventila\u00e7\u00e3o em locais comerciais, salas de reuni\u00f5es, centros comerciais, escolas e todos os ambientes que requerem ventila\u00e7\u00e3o ou exaust\u00e3o com equipamento compacto, de f\u00e1cil instala\u00e7\u00e3o e manuten\u00e7\u00e3o, baixo n\u00edvel de ru\u00eddo e acabamento anticorrosivo.<\/p>\n<h3 class=\"\">\u00c1rea de Aplica\u00e7\u00e3o<\/h3>\n<p class=\"\">ventila\u00e7\u00e3o e exaust\u00e3o predial.<\/p>\n","protected":false},"excerpt":{"rendered":"<h3 class=\"\">Gabinetes Plenum GP<\/h3>\n<p>Os gabinetes GP s\u00e3o caixas de ventila\u00e7\u00e3o com descarga horizontal, vertical ou lateral com design compacto, projetadas para trabalhar com ar limpo. Suas principais aplica\u00e7\u00f5es s\u00e3o: inje\u00e7\u00e3o de ar limpo, pressuriza\u00e7\u00e3o, ventila\u00e7\u00e3o em locais comerciais, salas de reuni\u00f5es, centros comerciais, escolas e todos os ambientes que requerem ventila\u00e7\u00e3o ou exaust\u00e3o com equipamento compacto, de f\u00e1cil instala\u00e7\u00e3o e manuten\u00e7\u00e3o, baixo n\u00edvel de ru\u00eddo e acabamento anticorrosivo.<\/p>\n<p><a href=\"https:\/\/klimasul.com.br\/wp-content\/uploads\/2022\/02\/GF-006_2020-J.pdf\" target=\"_blank\" rel=\"noopener\"><img loading=\"lazy\" decoding=\"async\" class=\"alignnone wp-image-1728 size-full\" src=\"https:\/\/klimasul.com.br\/wp-content\/uploads\/2022\/02\/btn-manual.png\" alt=\"\" width=\"200\" height=\"67\" \/><\/a><\/p>\n","protected":false},"featured_media":1335,"comment_status":"open","ping_status":"closed","template":"","meta":{"inline_featured_image":false},"product_brand":[],"product_cat":[178],"product_tag":[],"class_list":{"0":"post-1334","1":"product","2":"type-product","3":"status-publish","4":"has-post-thumbnail","6":"product_cat-gabinetes","8":"first","9":"instock","10":"shipping-taxable","11":"purchasable","12":"product-type-simple"},"_links":{"self":[{"href":"https:\/\/klimasul.com.br\/index.php?rest_route=\/wp\/v2\/product\/1334","targetHints":{"allow":["GET"]}}],"collection":[{"href":"https:\/\/klimasul.com.br\/index.php?rest_route=\/wp\/v2\/product"}],"about":[{"href":"https:\/\/klimasul.com.br\/index.php?rest_route=\/wp\/v2\/types\/product"}],"replies":[{"embeddable":true,"href":"https:\/\/klimasul.com.br\/index.php?rest_route=%2Fwp%2Fv2%2Fcomments&post=1334"}],"wp:featuredmedia":[{"embeddable":true,"href":"https:\/\/klimasul.com.br\/index.php?rest_route=\/wp\/v2\/media\/1335"}],"wp:attachment":[{"href":"https:\/\/klimasul.com.br\/index.php?rest_route=%2Fwp%2Fv2%2Fmedia&parent=1334"}],"wp:term":[{"taxonomy":"product_brand","embeddable":true,"href":"https:\/\/klimasul.com.br\/index.php?rest_route=%2Fwp%2Fv2%2Fproduct_brand&post=1334"},{"taxonomy":"product_cat","embeddable":true,"href":"https:\/\/klimasul.com.br\/index.php?rest_route=%2Fwp%2Fv2%2Fproduct_cat&post=1334"},{"taxonomy":"product_tag","embeddable":true,"href":"https:\/\/klimasul.com.br\/index.php?rest_route=%2Fwp%2Fv2%2Fproduct_tag&post=1334"}],"curies":[{"name":"wp","href":"https:\/\/api.w.org\/{rel}","templated":true}]}}