{"id":1347,"date":"2022-01-31T17:51:58","date_gmt":"2022-01-31T19:51:58","guid":{"rendered":"https:\/\/klimasul.com.br\/?post_type=product&#038;p=1347"},"modified":"2022-04-04T17:27:05","modified_gmt":"2022-04-04T20:27:05","slug":"afrw","status":"publish","type":"product","link":"https:\/\/klimasul.com.br\/?product=afrw","title":{"rendered":"AFRW"},"content":{"rendered":"<h3 class=\"\">Resumo do Produto<\/h3>\n<p class=\"\">Os ventiladores da linha AFRW, possuem caracter\u00edsticas de carga limitada e s\u00e3o fabricados em diferentes tamanhos. Sua h\u00e9lice possui p\u00e1s em perfil aerof\u00f3lio, com passo fixo e foi projetada para obter um elevado rendimento, aliado a excelentes caracter\u00edsticas de desempenho.<\/p>\n<h3 class=\"\">\u00c1rea de Aplica\u00e7\u00e3o<\/h3>\n<p class=\"\">Ventila\u00e7\u00e3o e exaust\u00e3o predial. Resfriamento de casas de m\u00e1quinas.<\/p>\n","protected":false},"excerpt":{"rendered":"<h3 class=\"\">AFRW<\/h3>\n<p>Os ventiladores da linha AFRW, possuem caracter\u00edsticas de carga limitada e s\u00e3o fabricados em diferentes tamanhos. Sua h\u00e9lice possui p\u00e1s em perfil aerof\u00f3lio, com passo fixo e foi projetada para obter um elevado rendimento, aliado a excelentes caracter\u00edsticas de desempenho.<\/p>\n<p><a href=\"https:\/\/klimasul.com.br\/wp-content\/uploads\/2022\/02\/AFR_038_2017-J-cancelado.pdf\" target=\"_blank\" rel=\"noopener\"><img loading=\"lazy\" decoding=\"async\" class=\"alignnone wp-image-1728 size-full\" src=\"https:\/\/klimasul.com.br\/wp-content\/uploads\/2022\/02\/btn-manual.png\" alt=\"\" width=\"200\" height=\"67\" \/><\/a><\/p>\n","protected":false},"featured_media":1349,"comment_status":"open","ping_status":"closed","template":"","meta":{"inline_featured_image":false},"product_brand":[],"product_cat":[184],"product_tag":[],"class_list":{"0":"post-1347","1":"product","2":"type-product","3":"status-publish","4":"has-post-thumbnail","6":"product_cat-axiais","8":"first","9":"instock","10":"shipping-taxable","11":"purchasable","12":"product-type-simple"},"_links":{"self":[{"href":"https:\/\/klimasul.com.br\/index.php?rest_route=\/wp\/v2\/product\/1347","targetHints":{"allow":["GET"]}}],"collection":[{"href":"https:\/\/klimasul.com.br\/index.php?rest_route=\/wp\/v2\/product"}],"about":[{"href":"https:\/\/klimasul.com.br\/index.php?rest_route=\/wp\/v2\/types\/product"}],"replies":[{"embeddable":true,"href":"https:\/\/klimasul.com.br\/index.php?rest_route=%2Fwp%2Fv2%2Fcomments&post=1347"}],"wp:featuredmedia":[{"embeddable":true,"href":"https:\/\/klimasul.com.br\/index.php?rest_route=\/wp\/v2\/media\/1349"}],"wp:attachment":[{"href":"https:\/\/klimasul.com.br\/index.php?rest_route=%2Fwp%2Fv2%2Fmedia&parent=1347"}],"wp:term":[{"taxonomy":"product_brand","embeddable":true,"href":"https:\/\/klimasul.com.br\/index.php?rest_route=%2Fwp%2Fv2%2Fproduct_brand&post=1347"},{"taxonomy":"product_cat","embeddable":true,"href":"https:\/\/klimasul.com.br\/index.php?rest_route=%2Fwp%2Fv2%2Fproduct_cat&post=1347"},{"taxonomy":"product_tag","embeddable":true,"href":"https:\/\/klimasul.com.br\/index.php?rest_route=%2Fwp%2Fv2%2Fproduct_tag&post=1347"}],"curies":[{"name":"wp","href":"https:\/\/api.w.org\/{rel}","templated":true}]}}