{"id":1371,"date":"2022-01-31T18:07:19","date_gmt":"2022-01-31T20:07:19","guid":{"rendered":"https:\/\/klimasul.com.br\/?post_type=product&#038;p=1371"},"modified":"2022-01-31T18:07:19","modified_gmt":"2022-01-31T20:07:19","slug":"airsens-co2-voc-e-rh","status":"publish","type":"product","link":"https:\/\/klimasul.com.br\/?product=airsens-co2-voc-e-rh","title":{"rendered":"AIRSENS &#8211; CO2, VOC E RH"},"content":{"rendered":"<h3 class=\"\">Resumo do Produto<\/h3>\n<p class=\"\">Sensores inteligentes dispon\u00edveis em tr\u00eas vers\u00f5es diferentes: CO2, VOC e RH. Projetados para criar sistemas de demanda controlada de ventila\u00e7\u00e3o sem a necessidade de instalar um controle intermedi\u00e1rio. Estes sensores podem ser conectados a ventiladores AC, ECOWATT (EC) ou variadores de frequ\u00eancia VFTM.<\/p>\n<h3 class=\"\">\u00c1rea de Aplica\u00e7\u00e3o<\/h3>\n<p class=\"\">\u00c1reas internas.<\/p>\n","protected":false},"excerpt":{"rendered":"<h3 class=\"\">AIRSENS &#8211; CO2, VOC E RH<\/h3>\n<p>Sensores inteligentes dispon\u00edveis em tr\u00eas vers\u00f5es diferentes: CO2, VOC e RH. Projetados para criar sistemas de demanda controlada de ventila\u00e7\u00e3o sem a necessidade de instalar um controle intermedi\u00e1rio. Estes sensores podem ser conectados a ventiladores AC, ECOWATT (EC) ou variadores de frequ\u00eancia VFTM.<\/p>\n","protected":false},"featured_media":1372,"comment_status":"open","ping_status":"closed","template":"","meta":{"inline_featured_image":false},"product_brand":[],"product_cat":[189],"product_tag":[],"class_list":{"0":"post-1371","1":"product","2":"type-product","3":"status-publish","4":"has-post-thumbnail","6":"product_cat-sensores","8":"first","9":"instock","10":"shipping-taxable","11":"purchasable","12":"product-type-simple"},"_links":{"self":[{"href":"https:\/\/klimasul.com.br\/index.php?rest_route=\/wp\/v2\/product\/1371","targetHints":{"allow":["GET"]}}],"collection":[{"href":"https:\/\/klimasul.com.br\/index.php?rest_route=\/wp\/v2\/product"}],"about":[{"href":"https:\/\/klimasul.com.br\/index.php?rest_route=\/wp\/v2\/types\/product"}],"replies":[{"embeddable":true,"href":"https:\/\/klimasul.com.br\/index.php?rest_route=%2Fwp%2Fv2%2Fcomments&post=1371"}],"wp:featuredmedia":[{"embeddable":true,"href":"https:\/\/klimasul.com.br\/index.php?rest_route=\/wp\/v2\/media\/1372"}],"wp:attachment":[{"href":"https:\/\/klimasul.com.br\/index.php?rest_route=%2Fwp%2Fv2%2Fmedia&parent=1371"}],"wp:term":[{"taxonomy":"product_brand","embeddable":true,"href":"https:\/\/klimasul.com.br\/index.php?rest_route=%2Fwp%2Fv2%2Fproduct_brand&post=1371"},{"taxonomy":"product_cat","embeddable":true,"href":"https:\/\/klimasul.com.br\/index.php?rest_route=%2Fwp%2Fv2%2Fproduct_cat&post=1371"},{"taxonomy":"product_tag","embeddable":true,"href":"https:\/\/klimasul.com.br\/index.php?rest_route=%2Fwp%2Fv2%2Fproduct_tag&post=1371"}],"curies":[{"name":"wp","href":"https:\/\/api.w.org\/{rel}","templated":true}]}}