{"id":1386,"date":"2022-02-25T16:56:11","date_gmt":"2022-02-25T19:56:11","guid":{"rendered":"https:\/\/klimasul.com.br\/?post_type=product&#038;p=1386"},"modified":"2022-02-25T16:56:11","modified_gmt":"2022-02-25T19:56:11","slug":"placa-perfurada-dppt","status":"publish","type":"product","link":"https:\/\/klimasul.com.br\/?product=placa-perfurada-dppt","title":{"rendered":"Placa Perfurada (DPPT)"},"content":{"rendered":"<ul class=\"collection with-header\">\n<li class=\"collection-header grey darken-3\">\n<h5 class=\"light white-text\">Caracter\u00edsticas:<\/h5>\n<\/li>\n<li class=\"collection-item\">Constru\u00eddo em a\u00e7o zincado e moldura em alum\u00ednio.<\/li>\n<li class=\"collection-item\">Utilizado para insuflamento ou retorno.<\/li>\n<li class=\"collection-item\">Acabamento padr\u00e3o nas cores branco ou preto semibrilhante (pintura eletrost\u00e1tica).<\/li>\n<\/ul>\n","protected":false},"excerpt":{"rendered":"<p>Placa Perfurada (DPPT)<\/p>\n<ul class=\"collection with-header\">\n<li class=\"collection-item\">Constru\u00eddo em a\u00e7o zincado e moldura em alum\u00ednio.<\/li>\n<li class=\"collection-item\">Utilizado para insuflamento ou retorno.<\/li>\n<li class=\"collection-item\">Acabamento padr\u00e3o nas cores branco ou preto semibrilhante (pintura eletrost\u00e1tica).<\/li>\n<\/ul>\n","protected":false},"featured_media":1387,"comment_status":"open","ping_status":"closed","template":"","meta":{"inline_featured_image":false},"product_brand":[],"product_cat":[21],"product_tag":[],"class_list":{"0":"post-1386","1":"product","2":"type-product","3":"status-publish","4":"has-post-thumbnail","6":"product_cat-difusores","8":"first","9":"instock","10":"shipping-taxable","11":"purchasable","12":"product-type-simple"},"_links":{"self":[{"href":"https:\/\/klimasul.com.br\/index.php?rest_route=\/wp\/v2\/product\/1386","targetHints":{"allow":["GET"]}}],"collection":[{"href":"https:\/\/klimasul.com.br\/index.php?rest_route=\/wp\/v2\/product"}],"about":[{"href":"https:\/\/klimasul.com.br\/index.php?rest_route=\/wp\/v2\/types\/product"}],"replies":[{"embeddable":true,"href":"https:\/\/klimasul.com.br\/index.php?rest_route=%2Fwp%2Fv2%2Fcomments&post=1386"}],"wp:featuredmedia":[{"embeddable":true,"href":"https:\/\/klimasul.com.br\/index.php?rest_route=\/wp\/v2\/media\/1387"}],"wp:attachment":[{"href":"https:\/\/klimasul.com.br\/index.php?rest_route=%2Fwp%2Fv2%2Fmedia&parent=1386"}],"wp:term":[{"taxonomy":"product_brand","embeddable":true,"href":"https:\/\/klimasul.com.br\/index.php?rest_route=%2Fwp%2Fv2%2Fproduct_brand&post=1386"},{"taxonomy":"product_cat","embeddable":true,"href":"https:\/\/klimasul.com.br\/index.php?rest_route=%2Fwp%2Fv2%2Fproduct_cat&post=1386"},{"taxonomy":"product_tag","embeddable":true,"href":"https:\/\/klimasul.com.br\/index.php?rest_route=%2Fwp%2Fv2%2Fproduct_tag&post=1386"}],"curies":[{"name":"wp","href":"https:\/\/api.w.org\/{rel}","templated":true}]}}