{"id":1479,"date":"2022-02-25T17:56:38","date_gmt":"2022-02-25T20:56:38","guid":{"rendered":"https:\/\/klimasul.com.br\/?post_type=product&#038;p=1479"},"modified":"2022-02-25T17:56:38","modified_gmt":"2022-02-25T20:56:38","slug":"la-de-pet","status":"publish","type":"product","link":"https:\/\/klimasul.com.br\/?product=la-de-pet","title":{"rendered":"L\u00e3 de PET"},"content":{"rendered":"<ul class=\"collection with-header\">\n<li class=\"collection-header grey darken-3\">\n<h5 class=\"light white-text\">Aplic\u00e3o:<\/h5>\n<\/li>\n<li class=\"collection-item\">\u00c9 uma solu\u00e7\u00e3o inteligente e ecol\u00f3gica para tratamento t\u00e9rmico e ac\u00fastico com alta performance t\u00e9cnica. As l\u00e3s s\u00e3o produzidas pela combina\u00e7\u00e3o de processos com variados tipos de fibras, atendendo \u00e0s mais variadas exig\u00eancias nos projetos arquitet\u00f4nicos de conforto ambiental.<\/li>\n<\/ul>\n<ul class=\"collection with-header\">\n<li class=\"collection-header grey darken-3\">\n<h5 class=\"light white-text\">Vantagens:<\/h5>\n<\/li>\n<li class=\"collection-item\">100% recicl\u00e1vel<\/li>\n<li class=\"collection-item\">N\u00e3o agride o meio ambiente<\/li>\n<li class=\"collection-item\">Diminui o tempo da obra<\/li>\n<li class=\"collection-item\">N\u00e3o permite a prolifera\u00e7\u00e3o de fungos e bact\u00e9rias<\/li>\n<li class=\"collection-item\">Mais leve<\/li>\n<li class=\"collection-item\">N\u00e3o \u00e9 atacada por insetos, p\u00e1ssaros e roedores<\/li>\n<li class=\"collection-item\">Melhor custo-benef\u00edcio<\/li>\n<\/ul>\n","protected":false},"excerpt":{"rendered":"<p>L\u00e3 de PET<\/p>\n<ul>\n<li>\u00c9 uma solu\u00e7\u00e3o inteligente e ecol\u00f3gica para tratamento t\u00e9rmico e ac\u00fastico com alta performance t\u00e9cnica. As l\u00e3s s\u00e3o produzidas pela combina\u00e7\u00e3o de processos com variados tipos de fibras, atendendo \u00e0s mais variadas exig\u00eancias nos projetos arquitet\u00f4nicos de conforto ambiental.<\/li>\n<\/ul>\n","protected":false},"featured_media":1480,"comment_status":"open","ping_status":"closed","template":"","meta":{"inline_featured_image":false},"product_brand":[],"product_cat":[196],"product_tag":[],"class_list":{"0":"post-1479","1":"product","2":"type-product","3":"status-publish","4":"has-post-thumbnail","6":"product_cat-mantas","8":"first","9":"instock","10":"shipping-taxable","11":"purchasable","12":"product-type-simple"},"_links":{"self":[{"href":"https:\/\/klimasul.com.br\/index.php?rest_route=\/wp\/v2\/product\/1479","targetHints":{"allow":["GET"]}}],"collection":[{"href":"https:\/\/klimasul.com.br\/index.php?rest_route=\/wp\/v2\/product"}],"about":[{"href":"https:\/\/klimasul.com.br\/index.php?rest_route=\/wp\/v2\/types\/product"}],"replies":[{"embeddable":true,"href":"https:\/\/klimasul.com.br\/index.php?rest_route=%2Fwp%2Fv2%2Fcomments&post=1479"}],"wp:featuredmedia":[{"embeddable":true,"href":"https:\/\/klimasul.com.br\/index.php?rest_route=\/wp\/v2\/media\/1480"}],"wp:attachment":[{"href":"https:\/\/klimasul.com.br\/index.php?rest_route=%2Fwp%2Fv2%2Fmedia&parent=1479"}],"wp:term":[{"taxonomy":"product_brand","embeddable":true,"href":"https:\/\/klimasul.com.br\/index.php?rest_route=%2Fwp%2Fv2%2Fproduct_brand&post=1479"},{"taxonomy":"product_cat","embeddable":true,"href":"https:\/\/klimasul.com.br\/index.php?rest_route=%2Fwp%2Fv2%2Fproduct_cat&post=1479"},{"taxonomy":"product_tag","embeddable":true,"href":"https:\/\/klimasul.com.br\/index.php?rest_route=%2Fwp%2Fv2%2Fproduct_tag&post=1479"}],"curies":[{"name":"wp","href":"https:\/\/api.w.org\/{rel}","templated":true}]}}