{"id":1504,"date":"2022-02-25T18:11:46","date_gmt":"2022-02-25T21:11:46","guid":{"rendered":"https:\/\/klimasul.com.br\/?post_type=product&#038;p=1504"},"modified":"2022-02-25T18:11:46","modified_gmt":"2022-02-25T21:11:46","slug":"fita-de-aluminio","status":"publish","type":"product","link":"https:\/\/klimasul.com.br\/?product=fita-de-aluminio","title":{"rendered":"Fita de Alum\u00ednio"},"content":{"rendered":"<ul class=\"collection with-header\">\n<li class=\"collection-header grey darken-3\">\n<h5 class=\"light white-text\">Especifica\u00e7\u00e3o:<\/h5>\n<\/li>\n<li class=\"collection-item\">Fixa\u00e7\u00e3o de tubos de cobre em chapas met\u00e1licas em sistemas de refrigera\u00e7\u00e3o. Veda\u00e7\u00e3o de chapas de policarbonato alveolar. Emenda de manta de sobcobertura. Blindagem eletromagn\u00e9tica e condu\u00e7\u00e3o el\u00e9trica.<\/li>\n<li class=\"collection-item\">Rolo de 50mm x 30m<\/li>\n<\/ul>\n","protected":false},"excerpt":{"rendered":"<p>Fita de Alum\u00ednio<\/p>\n<ul class=\"collection with-header\">\n<li class=\"collection-item\">Fixa\u00e7\u00e3o de tubos de cobre em chapas met\u00e1licas em sistemas de refrigera\u00e7\u00e3o. Veda\u00e7\u00e3o de chapas de policarbonato alveolar. Emenda de manta de sobcobertura. Blindagem eletromagn\u00e9tica e condu\u00e7\u00e3o el\u00e9trica.<\/li>\n<li class=\"collection-item\">Rolo de 50mm x 30m<\/li>\n<\/ul>\n","protected":false},"featured_media":1505,"comment_status":"open","ping_status":"closed","template":"","meta":{"inline_featured_image":false},"product_brand":[],"product_cat":[198],"product_tag":[],"class_list":{"0":"post-1504","1":"product","2":"type-product","3":"status-publish","4":"has-post-thumbnail","6":"product_cat-placa-pre-isolada","8":"first","9":"instock","10":"shipping-taxable","11":"purchasable","12":"product-type-simple"},"_links":{"self":[{"href":"https:\/\/klimasul.com.br\/index.php?rest_route=\/wp\/v2\/product\/1504","targetHints":{"allow":["GET"]}}],"collection":[{"href":"https:\/\/klimasul.com.br\/index.php?rest_route=\/wp\/v2\/product"}],"about":[{"href":"https:\/\/klimasul.com.br\/index.php?rest_route=\/wp\/v2\/types\/product"}],"replies":[{"embeddable":true,"href":"https:\/\/klimasul.com.br\/index.php?rest_route=%2Fwp%2Fv2%2Fcomments&post=1504"}],"wp:featuredmedia":[{"embeddable":true,"href":"https:\/\/klimasul.com.br\/index.php?rest_route=\/wp\/v2\/media\/1505"}],"wp:attachment":[{"href":"https:\/\/klimasul.com.br\/index.php?rest_route=%2Fwp%2Fv2%2Fmedia&parent=1504"}],"wp:term":[{"taxonomy":"product_brand","embeddable":true,"href":"https:\/\/klimasul.com.br\/index.php?rest_route=%2Fwp%2Fv2%2Fproduct_brand&post=1504"},{"taxonomy":"product_cat","embeddable":true,"href":"https:\/\/klimasul.com.br\/index.php?rest_route=%2Fwp%2Fv2%2Fproduct_cat&post=1504"},{"taxonomy":"product_tag","embeddable":true,"href":"https:\/\/klimasul.com.br\/index.php?rest_route=%2Fwp%2Fv2%2Fproduct_tag&post=1504"}],"curies":[{"name":"wp","href":"https:\/\/api.w.org\/{rel}","templated":true}]}}