{"id":1633,"date":"2022-03-24T15:27:19","date_gmt":"2022-03-24T18:27:19","guid":{"rendered":"https:\/\/klimasul.com.br\/?post_type=product&#038;p=1633"},"modified":"2022-03-24T15:27:19","modified_gmt":"2022-03-24T18:27:19","slug":"ps32-pressostato-diferencial-para-ar","status":"publish","type":"product","link":"https:\/\/klimasul.com.br\/?product=ps32-pressostato-diferencial-para-ar","title":{"rendered":"PS32 &#8211; Pressostato Diferencial para Ar"},"content":{"rendered":"<p><b>Pressostato Diferencial para Ar<\/b><\/p>\n<p>O pressostato diferencial para ar PS32 \u00e9 aplicado em sistemas de ar condicionado ou ventila\u00e7\u00e3o que requeiram a detec\u00e7\u00e3o do fluxo de ar com precis\u00e3o. Pode tamb\u00e9m ser aplicado para detectar o n\u00edvel de sujeira em filtros de ar.<\/p>\n<p>Atua em nos ranges: de 20-200 Pa, 40-400 Pa com &#8220;knob&#8221; de ajuste de set-point.<\/p>\n<p>\u00c9 fornecido com o tubo pl\u00e1stico para fixa\u00e7\u00e3o ao processo e a mangueira de conex\u00e3o.<\/p>\n<p>Seus contatos s\u00e3o resistentes \u00e0 corros\u00e3o e fornecem um sinal on-off do tipo SPDT.<\/p>\n<div class=\"title\">\n<div class=\"box_wrapper_green\">\n<h1 class=\"green\">Caracter\u00edsticas t\u00e9cnicas<\/h1>\n<div class=\"box_bottom_green\"><img loading=\"lazy\" decoding=\"async\" src=\"http:\/\/www.actuacontrols.com.br\/templates\/graphics\/box_sw_green.gif\" alt=\"\" width=\"4\" height=\"4\" \/><\/div>\n<\/div>\n<\/div>\n<div class=\"box_wrapper_light\">\n<div class=\"box_top_light\"><img loading=\"lazy\" decoding=\"async\" src=\"http:\/\/www.actuacontrols.com.br\/templates\/graphics\/box_nw_light.gif\" alt=\"\" width=\"4\" height=\"4\" \/><\/div>\n<div class=\"padding\">\n<table class=\"det_specs\" border=\"0\" cellspacing=\"0\" cellpadding=\"0\">\n<tbody>\n<tr>\n<td class=\"det_specs_td\" colspan=\"1\">Contatos<\/td>\n<td class=\"det_specs_td\" colspan=\"1\">5A para 220Vac, 4A para 24Vcc<\/td>\n<\/tr>\n<tr>\n<td class=\"det_specs_td\" colspan=\"1\">Faixa de atua\u00e7\u00e3o<\/td>\n<td class=\"det_specs_td\" colspan=\"1\">20 &#8211; 200 Pa<\/td>\n<\/tr>\n<tr>\n<td class=\"det_specs_td\" colspan=\"1\"><\/td>\n<td class=\"det_specs_td\" colspan=\"1\">40 &#8211; 400 Pa<\/td>\n<\/tr>\n<tr>\n<td class=\"det_specs_td\" colspan=\"1\">Grau de prote\u00e7\u00e3o<\/td>\n<td class=\"det_specs_td\" colspan=\"1\">IP54<\/td>\n<\/tr>\n<tr>\n<td class=\"det_specs_td\" colspan=\"1\">Press\u00e3o diferencial m\u00e1x.<\/td>\n<td class=\"det_specs_td\" colspan=\"1\">5Mpa<\/td>\n<\/tr>\n<tr>\n<td class=\"det_specs_td\" colspan=\"1\">Temperatura de armaz.<\/td>\n<td class=\"det_specs_td\" colspan=\"1\">-40 a 85 \u00baC<\/td>\n<\/tr>\n<tr>\n<td class=\"det_specs_td\" colspan=\"1\">Press\u00e3o m\u00edn. atua\u00e7\u00e3o<\/td>\n<td class=\"det_specs_td\" colspan=\"1\">20Pa (intervalo m\u00ednimo 10Pa: 20-30Pa)<\/td>\n<\/tr>\n<tr>\n<td class=\"det_specs_td\" colspan=\"1\">Linearidade<\/td>\n<td class=\"det_specs_td\" colspan=\"1\">20 &#8211; 200 Pa &lt; \u00b1 2.5Pa<\/td>\n<\/tr>\n<tr>\n<td class=\"det_specs_td\" colspan=\"1\"><\/td>\n<td class=\"det_specs_td\" colspan=\"1\">40 &#8211; 400 Pa &lt; \u00b1 2.5Pa<\/td>\n<\/tr>\n<tr>\n<td class=\"det_specs_td\" colspan=\"1\">Dire\u00e7\u00e3o de instala\u00e7\u00e3o<\/td>\n<td class=\"det_specs_td\" colspan=\"1\">vertical (posi\u00e7\u00e3o padr\u00e3o)<\/td>\n<\/tr>\n<tr>\n<td class=\"det_specs_td\" colspan=\"1\">Conex\u00e3o ao sistema<\/td>\n<td class=\"det_specs_td\" colspan=\"1\">tubo circular 6.2mm<\/td>\n<\/tr>\n<tr>\n<td class=\"det_specs_td\" colspan=\"1\">Material caixa<\/td>\n<td class=\"det_specs_td\" colspan=\"1\">pl\u00e1stico PC<\/td>\n<\/tr>\n<tr>\n<td class=\"det_specs_td\" colspan=\"1\">Material diafragma<\/td>\n<td class=\"det_specs_td\" colspan=\"1\">silicone SLR<\/td>\n<\/tr>\n<tr>\n<td class=\"det_specs_td\" colspan=\"1\">Tempo de vida<\/td>\n<td class=\"det_specs_td\" colspan=\"1\">&gt; 1.000.000 ciclos nos contatos<\/td>\n<\/tr>\n<tr>\n<td class=\"det_specs_td\" colspan=\"1\">Peso<\/td>\n<td class=\"det_specs_td\" colspan=\"1\">120g<\/td>\n<\/tr>\n<\/tbody>\n<\/table>\n<\/div>\n<\/div>\n","protected":false},"excerpt":{"rendered":"<p><b>Pressostato Diferencial para Ar<\/b><\/p>\n<p>O pressostato diferencial para ar PS32 \u00e9 aplicado em sistemas de ar condicionado ou ventila\u00e7\u00e3o que requeiram a detec\u00e7\u00e3o do fluxo de ar com precis\u00e3o. Pode tamb\u00e9m ser aplicado para detectar o n\u00edvel de sujeira em filtros de ar.<\/p>\n<p>Atua em nos ranges: de 20-200 Pa, 40-400 Pa com &#8220;knob&#8221; de ajuste de set-point.<\/p>\n<p>\u00c9 fornecido com o tubo pl\u00e1stico para fixa\u00e7\u00e3o ao processo e a mangueira de conex\u00e3o.<\/p>\n<p>Seus contatos s\u00e3o resistentes \u00e0 corros\u00e3o e fornecem um sinal on-off do tipo SPDT.<\/p>\n","protected":false},"featured_media":1634,"comment_status":"open","ping_status":"closed","template":"","meta":{"inline_featured_image":false},"product_brand":[],"product_cat":[216,213],"product_tag":[],"class_list":{"0":"post-1633","1":"product","2":"type-product","3":"status-publish","4":"has-post-thumbnail","6":"product_cat-actua","7":"product_cat-sistema-de-controle-ar-condicionado","9":"first","10":"instock","11":"shipping-taxable","12":"purchasable","13":"product-type-simple"},"_links":{"self":[{"href":"https:\/\/klimasul.com.br\/index.php?rest_route=\/wp\/v2\/product\/1633","targetHints":{"allow":["GET"]}}],"collection":[{"href":"https:\/\/klimasul.com.br\/index.php?rest_route=\/wp\/v2\/product"}],"about":[{"href":"https:\/\/klimasul.com.br\/index.php?rest_route=\/wp\/v2\/types\/product"}],"replies":[{"embeddable":true,"href":"https:\/\/klimasul.com.br\/index.php?rest_route=%2Fwp%2Fv2%2Fcomments&post=1633"}],"wp:featuredmedia":[{"embeddable":true,"href":"https:\/\/klimasul.com.br\/index.php?rest_route=\/wp\/v2\/media\/1634"}],"wp:attachment":[{"href":"https:\/\/klimasul.com.br\/index.php?rest_route=%2Fwp%2Fv2%2Fmedia&parent=1633"}],"wp:term":[{"taxonomy":"product_brand","embeddable":true,"href":"https:\/\/klimasul.com.br\/index.php?rest_route=%2Fwp%2Fv2%2Fproduct_brand&post=1633"},{"taxonomy":"product_cat","embeddable":true,"href":"https:\/\/klimasul.com.br\/index.php?rest_route=%2Fwp%2Fv2%2Fproduct_cat&post=1633"},{"taxonomy":"product_tag","embeddable":true,"href":"https:\/\/klimasul.com.br\/index.php?rest_route=%2Fwp%2Fv2%2Fproduct_tag&post=1633"}],"curies":[{"name":"wp","href":"https:\/\/api.w.org\/{rel}","templated":true}]}}