{"id":1635,"date":"2022-03-24T15:30:12","date_gmt":"2022-03-24T18:30:12","guid":{"rendered":"https:\/\/klimasul.com.br\/?post_type=product&#038;p=1635"},"modified":"2022-03-24T16:04:59","modified_gmt":"2022-03-24T19:04:59","slug":"actpa-15-purgador-de-ar-1-2-para-instalacoes-hidrotermicas","status":"publish","type":"product","link":"https:\/\/klimasul.com.br\/?product=actpa-15-purgador-de-ar-1-2-para-instalacoes-hidrotermicas","title":{"rendered":"ACTPA-15 &#8211; Purgador de Ar 1\/2&#8243; para Instala\u00e7\u00f5es Hidrot\u00e9rmicas"},"content":{"rendered":"<p><b>Purgador de Ar 1\/2&#8243; para Instala\u00e7\u00f5es Hidrot\u00e9rmicas<\/b><\/p>\n<p>O purgador de ar \u00e9 constru\u00eddo em lat\u00e3o UNI EN 12165 CW617N.<\/p>\n<p>Sua aplica\u00e7\u00e3o \u00e9 feita em tubula\u00e7\u00e3o de caldeiras, coletores e em qualquer sistema hidrot\u00e9rmico onde se necessite livrar a canaliza\u00e7\u00e3o da presen\u00e7a de bolhas de ar.<\/p>\n<p>O produto j\u00e1 sai pr\u00e9 testado para se garantir um perfeito funcionamento.<\/p>\n<p>&nbsp;<\/p>\n<div class=\"title\">\n<div class=\"box_wrapper_green\">\n<h1 class=\"green\">Caracter\u00edsticas t\u00e9cnicas<\/h1>\n<div class=\"box_bottom_green\"><img loading=\"lazy\" decoding=\"async\" src=\"http:\/\/www.actuacontrols.com.br\/templates\/graphics\/box_sw_green.gif\" alt=\"\" width=\"4\" height=\"4\" \/><\/div>\n<\/div>\n<\/div>\n<div class=\"box_wrapper_light\">\n<div class=\"box_top_light\"><img loading=\"lazy\" decoding=\"async\" src=\"http:\/\/www.actuacontrols.com.br\/templates\/graphics\/box_nw_light.gif\" alt=\"\" width=\"4\" height=\"4\" \/><\/div>\n<div class=\"padding\">\n<table class=\"det_specs\" border=\"0\" cellspacing=\"0\" cellpadding=\"0\">\n<tbody>\n<tr>\n<td class=\"det_specs_td\" colspan=\"1\">Legenda &#8211; 1<\/td>\n<td class=\"det_specs_td\" colspan=\"1\">tampa<\/td>\n<td class=\"det_specs_td\" colspan=\"1\">Lat\u00e3o UNI EM 12165 CW617N<\/td>\n<\/tr>\n<tr>\n<td class=\"det_specs_td\" colspan=\"1\">Legenda &#8211; 2<\/td>\n<td class=\"det_specs_td\" colspan=\"1\">corpo<\/td>\n<td class=\"det_specs_td\" colspan=\"1\">Lat\u00e3o UNI EM 12165 CW617N<\/td>\n<\/tr>\n<tr>\n<td class=\"det_specs_td\" colspan=\"1\">Legenda &#8211; 3<\/td>\n<td class=\"det_specs_td\" colspan=\"1\">tamp\u00e3o vermelho &#8211; purga manual<\/td>\n<td class=\"det_specs_td\" colspan=\"1\">PA6 refor\u00e7ado<\/td>\n<\/tr>\n<tr>\n<td class=\"det_specs_td\" colspan=\"1\">Legenda &#8211; 4<\/td>\n<td class=\"det_specs_td\" colspan=\"1\">tamp\u00e3o cinza &#8211; purga autom\u00e1tica<\/td>\n<td class=\"det_specs_td\" colspan=\"1\">PA6 refor\u00e7ado<\/td>\n<\/tr>\n<tr>\n<td class=\"det_specs_td\" colspan=\"1\">Legenda &#8211; 5<\/td>\n<td class=\"det_specs_td\" colspan=\"1\">flutuador<\/td>\n<td class=\"det_specs_td\" colspan=\"1\">PP<\/td>\n<\/tr>\n<tr>\n<td class=\"det_specs_td\" colspan=\"1\">Legenda &#8211; 6<\/td>\n<td class=\"det_specs_td\" colspan=\"1\">haste<\/td>\n<td class=\"det_specs_td\" colspan=\"1\">PA6 refor\u00e7ado<\/td>\n<\/tr>\n<tr>\n<td class=\"det_specs_td\" colspan=\"1\">Legenda &#8211; 7<\/td>\n<td class=\"det_specs_td\" colspan=\"1\">guia<\/td>\n<td class=\"det_specs_td\" colspan=\"1\">PPO<\/td>\n<\/tr>\n<tr>\n<td class=\"det_specs_td\" colspan=\"1\">Legenda &#8211; 8<\/td>\n<td class=\"det_specs_td\" colspan=\"1\">mola<\/td>\n<td class=\"det_specs_td\" colspan=\"1\">Inox<\/td>\n<\/tr>\n<tr>\n<td class=\"det_specs_td\" colspan=\"1\">Legenda &#8211; 9<\/td>\n<td class=\"det_specs_td\" colspan=\"1\">obturador<\/td>\n<td class=\"det_specs_td\" colspan=\"1\">Borracha siliconada<\/td>\n<\/tr>\n<tr>\n<td class=\"det_specs_td\" colspan=\"1\">Legenda &#8211; 10<\/td>\n<td class=\"det_specs_td\" colspan=\"1\">o-ring de veda\u00e7\u00e3o<\/td>\n<td class=\"det_specs_td\" colspan=\"1\">NBR<\/td>\n<\/tr>\n<tr>\n<td class=\"det_specs_td\" colspan=\"1\">Legenda &#8211; 11<\/td>\n<td class=\"det_specs_td\" colspan=\"1\">rompe bolhas<\/td>\n<td class=\"det_specs_td\" colspan=\"1\">PA6 refor\u00e7ado<\/td>\n<\/tr>\n<tr>\n<td class=\"det_specs_td\" colspan=\"1\"><\/td>\n<td class=\"det_specs_td\" colspan=\"1\"><\/td>\n<td class=\"det_specs_td\" colspan=\"1\"><\/td>\n<\/tr>\n<tr>\n<td class=\"det_specs_td\" colspan=\"1\"><\/td>\n<td class=\"det_specs_td\" colspan=\"1\"><\/td>\n<td class=\"det_specs_td\" colspan=\"1\"><\/td>\n<\/tr>\n<tr>\n<td class=\"det_specs_td\" colspan=\"1\">Di\u00e2metro<\/td>\n<td class=\"det_specs_td\" colspan=\"2\">1\/2&#8243; e 3\/4&#8243;<\/td>\n<\/tr>\n<tr>\n<td class=\"det_specs_td\" colspan=\"1\">Temperatura m\u00e1xima de trabalho<\/td>\n<td class=\"det_specs_td\" colspan=\"2\">120\u00baC<\/td>\n<\/tr>\n<tr>\n<td class=\"det_specs_td\" colspan=\"1\">Press\u00e3o m\u00e1xima<\/td>\n<td class=\"det_specs_td\" colspan=\"2\">10bar<\/td>\n<\/tr>\n<\/tbody>\n<\/table>\n<\/div>\n<\/div>\n","protected":false},"excerpt":{"rendered":"<p>O purgador de ar \u00e9 constru\u00eddo em lat\u00e3o UNI EN 12165 CW617N.<\/p>\n<p>Sua aplica\u00e7\u00e3o \u00e9 feita em tubula\u00e7\u00e3o de caldeiras, coletores e em qualquer sistema hidrot\u00e9rmico onde se necessite livrar a canaliza\u00e7\u00e3o da presen\u00e7a de bolhas de ar.<\/p>\n<p>O produto j\u00e1 sai pr\u00e9 testado para se garantir um perfeito funcionamento.<\/p>\n","protected":false},"featured_media":1636,"comment_status":"open","ping_status":"closed","template":"","meta":{"inline_featured_image":false},"product_brand":[],"product_cat":[216,218,213],"product_tag":[],"class_list":{"0":"post-1635","1":"product","2":"type-product","3":"status-publish","4":"has-post-thumbnail","6":"product_cat-actua","7":"product_cat-purgador-de-ar","8":"product_cat-sistema-de-controle-ar-condicionado","10":"first","11":"instock","12":"shipping-taxable","13":"purchasable","14":"product-type-simple"},"_links":{"self":[{"href":"https:\/\/klimasul.com.br\/index.php?rest_route=\/wp\/v2\/product\/1635","targetHints":{"allow":["GET"]}}],"collection":[{"href":"https:\/\/klimasul.com.br\/index.php?rest_route=\/wp\/v2\/product"}],"about":[{"href":"https:\/\/klimasul.com.br\/index.php?rest_route=\/wp\/v2\/types\/product"}],"replies":[{"embeddable":true,"href":"https:\/\/klimasul.com.br\/index.php?rest_route=%2Fwp%2Fv2%2Fcomments&post=1635"}],"wp:featuredmedia":[{"embeddable":true,"href":"https:\/\/klimasul.com.br\/index.php?rest_route=\/wp\/v2\/media\/1636"}],"wp:attachment":[{"href":"https:\/\/klimasul.com.br\/index.php?rest_route=%2Fwp%2Fv2%2Fmedia&parent=1635"}],"wp:term":[{"taxonomy":"product_brand","embeddable":true,"href":"https:\/\/klimasul.com.br\/index.php?rest_route=%2Fwp%2Fv2%2Fproduct_brand&post=1635"},{"taxonomy":"product_cat","embeddable":true,"href":"https:\/\/klimasul.com.br\/index.php?rest_route=%2Fwp%2Fv2%2Fproduct_cat&post=1635"},{"taxonomy":"product_tag","embeddable":true,"href":"https:\/\/klimasul.com.br\/index.php?rest_route=%2Fwp%2Fv2%2Fproduct_tag&post=1635"}],"curies":[{"name":"wp","href":"https:\/\/api.w.org\/{rel}","templated":true}]}}