{"id":1647,"date":"2022-03-24T16:54:55","date_gmt":"2022-03-24T19:54:55","guid":{"rendered":"https:\/\/klimasul.com.br\/?post_type=product&#038;p=1647"},"modified":"2022-03-24T16:54:55","modified_gmt":"2022-03-24T19:54:55","slug":"valvulas-borboleta-motorizadas-para-controle-de-fluxo","status":"publish","type":"product","link":"https:\/\/klimasul.com.br\/?product=valvulas-borboleta-motorizadas-para-controle-de-fluxo","title":{"rendered":"V\u00e1lvulas Borboleta Motorizadas para Controle de Fluxo"},"content":{"rendered":"<p>Oferecemos a nossos clientes v\u00e1lvulas borboleta que atendem \u00e0s normas internacionais, voltadas para qualquer tipo de necessidades especiais.<\/p>\n<p>A flange de topo constru\u00edda conforme ISO 5211 facilita a intercambialidade de atuadores.<\/p>\n<p>De acordo com o torque exigido para a abertura e fechamento da v\u00e1lvula, disponibilizamos para acoplamento os atuadores da s\u00e9rie EMO (de 16 a 40Nm) e da s\u00e9rie SHL (a partir de 200Nm).<\/p>\n<p>Podemos oferecer nos mesmos torques, motores proporcionais 0-10VDC ou 4-20mA.<\/p>\n<p>&nbsp;<\/p>\n<table class=\"left\" border=\"0\" cellspacing=\"0\" cellpadding=\"0\">\n<tbody>\n<tr>\n<td>\n<div class=\"box\">\n<div class=\"title\">\n<div class=\"box_wrapper_green\">\n<h1 class=\"green\">Caracter\u00edsticas t\u00e9cnicas<\/h1>\n<div class=\"box_bottom_green\"><img loading=\"lazy\" decoding=\"async\" src=\"http:\/\/www.actuacontrols.com.br\/templates\/graphics\/box_sw_green.gif\" alt=\"\" width=\"4\" height=\"4\" \/><\/div>\n<\/div>\n<\/div>\n<div class=\"box_wrapper_light\">\n<div class=\"box_top_light\"><img loading=\"lazy\" decoding=\"async\" src=\"http:\/\/www.actuacontrols.com.br\/templates\/graphics\/box_nw_light.gif\" alt=\"\" width=\"4\" height=\"4\" \/><\/div>\n<div class=\"padding\">\n<table class=\"det_specs\" border=\"0\" cellspacing=\"0\" cellpadding=\"0\">\n<tbody>\n<tr>\n<td class=\"det_specs_td\" colspan=\"1\">Corpo:<\/td>\n<td class=\"det_specs_td\" colspan=\"1\">Ferro fundido ASTM A 126 CBL<\/td>\n<\/tr>\n<tr>\n<td class=\"det_specs_td\" colspan=\"1\">Tipo:<\/td>\n<td class=\"det_specs_td\" colspan=\"1\">Monobloco Wafer<\/td>\n<\/tr>\n<tr>\n<td class=\"det_specs_td\" colspan=\"1\">Disco:<\/td>\n<td class=\"det_specs_td\" colspan=\"1\">Ferro fundido ASTM A 536 65-45-12<\/td>\n<\/tr>\n<tr>\n<td class=\"det_specs_td\" colspan=\"1\">Haste:<\/td>\n<td class=\"det_specs_td\" colspan=\"1\">A\u00e7o inoxid\u00e1vel ASTM A 276 Tipo 410<\/td>\n<\/tr>\n<tr>\n<td class=\"det_specs_td\" colspan=\"1\">Veda\u00e7\u00e3o:<\/td>\n<td class=\"det_specs_td\" colspan=\"1\">EPDM<\/td>\n<\/tr>\n<tr>\n<td class=\"det_specs_td\" colspan=\"1\">Classe de Veda\u00e7\u00e3o:<\/td>\n<td class=\"det_specs_td\" colspan=\"1\">150 Psi<\/td>\n<\/tr>\n<tr>\n<td class=\"det_specs_td\" colspan=\"1\">Classe de Press\u00e3o:<\/td>\n<td class=\"det_specs_td\" colspan=\"1\">150 Lbs<\/td>\n<\/tr>\n<tr>\n<td class=\"det_specs_td\" colspan=\"1\">Instala\u00e7\u00e3o:<\/td>\n<td class=\"det_specs_td\" colspan=\"1\">Entre flanges norma ANSI B.16.5<\/td>\n<\/tr>\n<tr>\n<td class=\"det_specs_td\" colspan=\"1\">Acionamento:<\/td>\n<td class=\"det_specs_td\" colspan=\"1\">Eixo livre prolongado (100mm.) recartilhado<\/td>\n<\/tr>\n<tr>\n<td class=\"det_specs_td\" colspan=\"1\">Acess\u00f3rios:<\/td>\n<td class=\"det_specs_td\" colspan=\"1\">Base \u00fanica ou dupla para atuador el\u00e9trico<\/td>\n<\/tr>\n<tr>\n<td class=\"det_specs_td\" colspan=\"1\">Volante de Abertura:<\/td>\n<td class=\"det_specs_td\" colspan=\"1\">Opcional<\/td>\n<\/tr>\n<\/tbody>\n<\/table>\n<\/div>\n<div class=\"box_bottom_light\"><img loading=\"lazy\" decoding=\"async\" src=\"http:\/\/www.actuacontrols.com.br\/templates\/graphics\/box_sw_light.gif\" alt=\"\" width=\"4\" height=\"4\" \/><\/div>\n<\/div>\n<\/div>\n<\/td>\n<\/tr>\n<\/tbody>\n<\/table>\n<div class=\"box\">\n<div class=\"title\">\n<div class=\"box_wrapper_green\">\n<div class=\"box_top_green\"><img loading=\"lazy\" decoding=\"async\" src=\"http:\/\/www.actuacontrols.com.br\/templates\/graphics\/box_nw_green.gif\" alt=\"\" width=\"4\" height=\"4\" \/><\/div>\n<h1 class=\"green\">Motoriza\u00e7\u00e3o<\/h1>\n<div class=\"box_bottom_green\"><img loading=\"lazy\" decoding=\"async\" src=\"http:\/\/www.actuacontrols.com.br\/templates\/graphics\/box_sw_green.gif\" alt=\"\" width=\"4\" height=\"4\" \/><\/div>\n<\/div>\n<\/div>\n<div class=\"box_wrapper_light\">\n<div class=\"box_top_light\"><img loading=\"lazy\" decoding=\"async\" src=\"http:\/\/www.actuacontrols.com.br\/templates\/graphics\/box_nw_light.gif\" alt=\"\" width=\"4\" height=\"4\" \/><\/div>\n<div class=\"padding\">\n<table class=\"det_specs\" border=\"0\" cellspacing=\"0\" cellpadding=\"0\">\n<tbody>\n<tr>\n<td class=\"det_specs_td\" colspan=\"1\">VBI-2<\/td>\n<td class=\"det_specs_td\" colspan=\"1\">MOTORIZADO COM 1 EMO-135-24<\/td>\n<\/tr>\n<tr>\n<td class=\"det_specs_td\" colspan=\"1\">VBI-2,5<\/td>\n<td class=\"det_specs_td\" colspan=\"1\">MOTORIZADO COM 1 EMO-135-24<\/td>\n<\/tr>\n<tr>\n<td class=\"det_specs_td\" colspan=\"1\">VBI-3<\/td>\n<td class=\"det_specs_td\" colspan=\"1\">MOTORIZADO COM 1 EMO-135-24<\/td>\n<\/tr>\n<tr>\n<td class=\"det_specs_td\" colspan=\"1\">VBI-4<\/td>\n<td class=\"det_specs_td\" colspan=\"1\">MOTORIZADO COM 1 EMO-210-24<\/td>\n<\/tr>\n<tr>\n<td class=\"det_specs_td\" colspan=\"1\">VBI-5<\/td>\n<td class=\"det_specs_td\" colspan=\"1\">MOTORIZADO COM 1 EMO-210-24<\/td>\n<\/tr>\n<tr>\n<td class=\"det_specs_td\" colspan=\"1\">VBI-6<\/td>\n<td class=\"det_specs_td\" colspan=\"1\">MOTORIZADO COM 1 EMO-350-24<\/td>\n<\/tr>\n<tr>\n<td class=\"det_specs_td\" colspan=\"1\">VBI-8<\/td>\n<td class=\"det_specs_td\" colspan=\"1\">MOTORIZADO COM 2 EMO-350-24<\/td>\n<\/tr>\n<tr>\n<td class=\"det_specs_td\" colspan=\"1\">VBI-10<\/td>\n<td class=\"det_specs_td\" colspan=\"1\">MOTORIZADO COM S\u00c9RIE 1000 MODELO 1040<\/td>\n<\/tr>\n<tr>\n<td class=\"det_specs_td\" colspan=\"1\">VBI-12<\/td>\n<td class=\"det_specs_td\" colspan=\"1\">MOTORIZADO COM S\u00c9RIE 1000 MODELO 1040<\/td>\n<\/tr>\n<\/tbody>\n<\/table>\n<\/div>\n<div class=\"box_bottom_light\"><img loading=\"lazy\" decoding=\"async\" src=\"http:\/\/www.actuacontrols.com.br\/templates\/graphics\/box_sw_light.gif\" alt=\"\" width=\"4\" height=\"4\" \/><\/div>\n<\/div>\n<\/div>\n<div class=\"box\">\n<div class=\"title\">\n<div class=\"box_wrapper_green\">\n<div class=\"box_top_green\"><img loading=\"lazy\" decoding=\"async\" src=\"http:\/\/www.actuacontrols.com.br\/templates\/graphics\/box_nw_green.gif\" alt=\"\" width=\"4\" height=\"4\" \/><\/div>\n<h1 class=\"green\">Dimens\u00f5es<\/h1>\n<div class=\"box_bottom_green\"><img loading=\"lazy\" decoding=\"async\" src=\"http:\/\/www.actuacontrols.com.br\/templates\/graphics\/box_sw_green.gif\" alt=\"\" width=\"4\" height=\"4\" \/><\/div>\n<\/div>\n<\/div>\n<p><img loading=\"lazy\" decoding=\"async\" src=\"http:\/\/www.actuacontrols.com.br\/images\/dimensoes4_75a271601173bf6c99b64b308e954926.jpg\" alt=\"Dimens\u00f5es\" width=\"475\" height=\"250\" \/><\/div>\n<div class=\"box\">\n<div class=\"title\">\n<div class=\"box_wrapper_green\">\n<div class=\"box_top_green\"><img loading=\"lazy\" decoding=\"async\" src=\"http:\/\/www.actuacontrols.com.br\/templates\/graphics\/box_nw_green.gif\" alt=\"\" width=\"4\" height=\"4\" \/><\/div>\n<h1 class=\"green\">Tabela dimensional<\/h1>\n<div class=\"box_bottom_green\"><img loading=\"lazy\" decoding=\"async\" src=\"http:\/\/www.actuacontrols.com.br\/templates\/graphics\/box_sw_green.gif\" alt=\"\" width=\"4\" height=\"4\" \/><\/div>\n<\/div>\n<\/div>\n<div class=\"box_wrapper_light\">\n<div class=\"box_top_light\"><img loading=\"lazy\" decoding=\"async\" src=\"http:\/\/www.actuacontrols.com.br\/templates\/graphics\/box_nw_light.gif\" alt=\"\" width=\"4\" height=\"4\" \/><\/div>\n<div class=\"padding\">\n<table class=\"det_specs\" border=\"0\" cellspacing=\"0\" cellpadding=\"0\">\n<tbody>\n<tr>\n<td class=\"det_specs_td\" colspan=\"1\">POL.<\/td>\n<td class=\"det_specs_td\" colspan=\"1\">MM.<\/td>\n<td class=\"det_specs_td\" colspan=\"1\">\u00d8A<\/td>\n<td class=\"det_specs_td\" colspan=\"1\">\u00d8B<\/td>\n<td class=\"det_specs_td\" colspan=\"1\">C<\/td>\n<td class=\"det_specs_td\" colspan=\"1\">D<\/td>\n<td class=\"det_specs_td\" colspan=\"1\">\u00d8E<\/td>\n<td class=\"det_specs_td\" colspan=\"1\">F<\/td>\n<td class=\"det_specs_td\" colspan=\"1\">G<\/td>\n<td class=\"det_specs_td\" colspan=\"1\">Q<\/td>\n<td class=\"det_specs_td\" colspan=\"1\">\u00d8L<\/td>\n<td class=\"det_specs_td\" colspan=\"1\">\u00d8M<\/td>\n<td class=\"det_specs_td\" colspan=\"1\">Peso (Kg)<\/td>\n<\/tr>\n<tr>\n<td class=\"det_specs_td\" colspan=\"1\">2<\/td>\n<td class=\"det_specs_td\" colspan=\"1\">50<\/td>\n<td class=\"det_specs_td\" colspan=\"1\">50<\/td>\n<td class=\"det_specs_td\" colspan=\"1\">98<\/td>\n<td class=\"det_specs_td\" colspan=\"1\">139,5<\/td>\n<td class=\"det_specs_td\" colspan=\"1\">41<\/td>\n<td class=\"det_specs_td\" colspan=\"1\">104<\/td>\n<td class=\"det_specs_td\" colspan=\"1\">35<\/td>\n<td class=\"det_specs_td\" colspan=\"1\">11<\/td>\n<td class=\"det_specs_td\" colspan=\"1\">35<\/td>\n<td class=\"det_specs_td\" colspan=\"1\">70<\/td>\n<td class=\"det_specs_td\" colspan=\"1\">10<\/td>\n<td class=\"det_specs_td\" colspan=\"1\">3,5<\/td>\n<\/tr>\n<tr>\n<td class=\"det_specs_td\" colspan=\"1\">2,5<\/td>\n<td class=\"det_specs_td\" colspan=\"1\">65<\/td>\n<td class=\"det_specs_td\" colspan=\"1\">63<\/td>\n<td class=\"det_specs_td\" colspan=\"1\">112<\/td>\n<td class=\"det_specs_td\" colspan=\"1\">152<\/td>\n<td class=\"det_specs_td\" colspan=\"1\">44<\/td>\n<td class=\"det_specs_td\" colspan=\"1\">104<\/td>\n<td class=\"det_specs_td\" colspan=\"1\">35<\/td>\n<td class=\"det_specs_td\" colspan=\"1\">11<\/td>\n<td class=\"det_specs_td\" colspan=\"1\">52<\/td>\n<td class=\"det_specs_td\" colspan=\"1\">70<\/td>\n<td class=\"det_specs_td\" colspan=\"1\">10<\/td>\n<td class=\"det_specs_td\" colspan=\"1\">5<\/td>\n<\/tr>\n<tr>\n<td class=\"det_specs_td\" colspan=\"1\">3<\/td>\n<td class=\"det_specs_td\" colspan=\"1\">80<\/td>\n<td class=\"det_specs_td\" colspan=\"1\">78<\/td>\n<td class=\"det_specs_td\" colspan=\"1\">126<\/td>\n<td class=\"det_specs_td\" colspan=\"1\">159<\/td>\n<td class=\"det_specs_td\" colspan=\"1\">44<\/td>\n<td class=\"det_specs_td\" colspan=\"1\">104<\/td>\n<td class=\"det_specs_td\" colspan=\"1\">35<\/td>\n<td class=\"det_specs_td\" colspan=\"1\">11<\/td>\n<td class=\"det_specs_td\" colspan=\"1\">65<\/td>\n<td class=\"det_specs_td\" colspan=\"1\">70<\/td>\n<td class=\"det_specs_td\" colspan=\"1\">10<\/td>\n<td class=\"det_specs_td\" colspan=\"1\">5,5<\/td>\n<\/tr>\n<tr>\n<td class=\"det_specs_td\" colspan=\"1\">4<\/td>\n<td class=\"det_specs_td\" colspan=\"1\">100<\/td>\n<td class=\"det_specs_td\" colspan=\"1\">100<\/td>\n<td class=\"det_specs_td\" colspan=\"1\">160<\/td>\n<td class=\"det_specs_td\" colspan=\"1\">178<\/td>\n<td class=\"det_specs_td\" colspan=\"1\">51<\/td>\n<td class=\"det_specs_td\" colspan=\"1\">104<\/td>\n<td class=\"det_specs_td\" colspan=\"1\">35<\/td>\n<td class=\"det_specs_td\" colspan=\"1\">11<\/td>\n<td class=\"det_specs_td\" colspan=\"1\">92<\/td>\n<td class=\"det_specs_td\" colspan=\"1\">70<\/td>\n<td class=\"det_specs_td\" colspan=\"1\">10<\/td>\n<td class=\"det_specs_td\" colspan=\"1\">8<\/td>\n<\/tr>\n<tr>\n<td class=\"det_specs_td\" colspan=\"1\">5<\/td>\n<td class=\"det_specs_td\" colspan=\"1\">125<\/td>\n<td class=\"det_specs_td\" colspan=\"1\">125<\/td>\n<td class=\"det_specs_td\" colspan=\"1\">185<\/td>\n<td class=\"det_specs_td\" colspan=\"1\">191<\/td>\n<td class=\"det_specs_td\" colspan=\"1\">54<\/td>\n<td class=\"det_specs_td\" colspan=\"1\">104<\/td>\n<td class=\"det_specs_td\" colspan=\"1\">35<\/td>\n<td class=\"det_specs_td\" colspan=\"1\">14<\/td>\n<td class=\"det_specs_td\" colspan=\"1\">121<\/td>\n<td class=\"det_specs_td\" colspan=\"1\">70<\/td>\n<td class=\"det_specs_td\" colspan=\"1\">10<\/td>\n<td class=\"det_specs_td\" colspan=\"1\">10<\/td>\n<\/tr>\n<tr>\n<td class=\"det_specs_td\" colspan=\"1\">6<\/td>\n<td class=\"det_specs_td\" colspan=\"1\">150<\/td>\n<td class=\"det_specs_td\" colspan=\"1\">150<\/td>\n<td class=\"det_specs_td\" colspan=\"1\">210<\/td>\n<td class=\"det_specs_td\" colspan=\"1\">202<\/td>\n<td class=\"det_specs_td\" colspan=\"1\">54<\/td>\n<td class=\"det_specs_td\" colspan=\"1\">104<\/td>\n<td class=\"det_specs_td\" colspan=\"1\">35<\/td>\n<td class=\"det_specs_td\" colspan=\"1\">14<\/td>\n<td class=\"det_specs_td\" colspan=\"1\">140<\/td>\n<td class=\"det_specs_td\" colspan=\"1\">70<\/td>\n<td class=\"det_specs_td\" colspan=\"1\">10<\/td>\n<td class=\"det_specs_td\" colspan=\"1\">12,5<\/td>\n<\/tr>\n<tr>\n<td class=\"det_specs_td\" colspan=\"1\">8<\/td>\n<td class=\"det_specs_td\" colspan=\"1\">200<\/td>\n<td class=\"det_specs_td\" colspan=\"1\">200<\/td>\n<td class=\"det_specs_td\" colspan=\"1\">265<\/td>\n<td class=\"det_specs_td\" colspan=\"1\">242,5<\/td>\n<td class=\"det_specs_td\" colspan=\"1\">64<\/td>\n<td class=\"det_specs_td\" colspan=\"1\">155<\/td>\n<td class=\"det_specs_td\" colspan=\"1\">35<\/td>\n<td class=\"det_specs_td\" colspan=\"1\">17<\/td>\n<td class=\"det_specs_td\" colspan=\"1\">191<\/td>\n<td class=\"det_specs_td\" colspan=\"1\">102<\/td>\n<td class=\"det_specs_td\" colspan=\"1\">12<\/td>\n<td class=\"det_specs_td\" colspan=\"1\">20<\/td>\n<\/tr>\n<tr>\n<td class=\"det_specs_td\" colspan=\"1\">10<\/td>\n<td class=\"det_specs_td\" colspan=\"1\">250<\/td>\n<td class=\"det_specs_td\" colspan=\"1\">250<\/td>\n<td class=\"det_specs_td\" colspan=\"1\">325<\/td>\n<td class=\"det_specs_td\" colspan=\"1\">274,5<\/td>\n<td class=\"det_specs_td\" colspan=\"1\">64<\/td>\n<td class=\"det_specs_td\" colspan=\"1\">155<\/td>\n<td class=\"det_specs_td\" colspan=\"1\">35<\/td>\n<td class=\"det_specs_td\" colspan=\"1\">22<\/td>\n<td class=\"det_specs_td\" colspan=\"1\">244<\/td>\n<td class=\"det_specs_td\" colspan=\"1\">102<\/td>\n<td class=\"det_specs_td\" colspan=\"1\">12<\/td>\n<td class=\"det_specs_td\" colspan=\"1\">22<\/td>\n<\/tr>\n<tr>\n<td class=\"det_specs_td\" colspan=\"1\">12<\/td>\n<td class=\"det_specs_td\" colspan=\"1\">300<\/td>\n<td class=\"det_specs_td\" colspan=\"1\">300<\/td>\n<td class=\"det_specs_td\" colspan=\"1\">370<\/td>\n<td class=\"det_specs_td\" colspan=\"1\">311<\/td>\n<td class=\"det_specs_td\" colspan=\"1\">76<\/td>\n<td class=\"det_specs_td\" colspan=\"1\">155<\/td>\n<td class=\"det_specs_td\" colspan=\"1\">35<\/td>\n<td class=\"det_specs_td\" colspan=\"1\">22<\/td>\n<td class=\"det_specs_td\" colspan=\"1\">294<\/td>\n<td class=\"det_specs_td\" colspan=\"1\">102<\/td>\n<td class=\"det_specs_td\" colspan=\"1\">12<\/td>\n<td class=\"det_specs_td\" colspan=\"1\">31<\/td>\n<\/tr>\n<\/tbody>\n<\/table>\n<\/div>\n<\/div>\n<\/div>\n","protected":false},"excerpt":{"rendered":"<p>Oferecemos a nossos clientes v\u00e1lvulas borboleta que atendem \u00e0s normas internacionais, voltadas para qualquer tipo de necessidades especiais.<\/p>\n<p>A flange de topo constru\u00edda conforme ISO 5211 facilita a intercambialidade de atuadores.<\/p>\n<p>De acordo com o torque exigido para a abertura e fechamento da v\u00e1lvula, disponibilizamos para acoplamento os atuadores da s\u00e9rie EMO (de 16 a 40Nm) e da s\u00e9rie SHL (a partir de 200Nm).<\/p>\n<p>Podemos oferecer nos mesmos torques, motores proporcionais 0-10VDC ou 4-20mA.<\/p>\n","protected":false},"featured_media":0,"comment_status":"open","ping_status":"closed","template":"","meta":{"inline_featured_image":false},"product_brand":[],"product_cat":[216,213,224],"product_tag":[],"class_list":{"0":"post-1647","1":"product","2":"type-product","3":"status-publish","5":"product_cat-actua","6":"product_cat-sistema-de-controle-ar-condicionado","7":"product_cat-valvulas-borboleta","9":"first","10":"instock","11":"shipping-taxable","12":"purchasable","13":"product-type-simple"},"_links":{"self":[{"href":"https:\/\/klimasul.com.br\/index.php?rest_route=\/wp\/v2\/product\/1647","targetHints":{"allow":["GET"]}}],"collection":[{"href":"https:\/\/klimasul.com.br\/index.php?rest_route=\/wp\/v2\/product"}],"about":[{"href":"https:\/\/klimasul.com.br\/index.php?rest_route=\/wp\/v2\/types\/product"}],"replies":[{"embeddable":true,"href":"https:\/\/klimasul.com.br\/index.php?rest_route=%2Fwp%2Fv2%2Fcomments&post=1647"}],"wp:attachment":[{"href":"https:\/\/klimasul.com.br\/index.php?rest_route=%2Fwp%2Fv2%2Fmedia&parent=1647"}],"wp:term":[{"taxonomy":"product_brand","embeddable":true,"href":"https:\/\/klimasul.com.br\/index.php?rest_route=%2Fwp%2Fv2%2Fproduct_brand&post=1647"},{"taxonomy":"product_cat","embeddable":true,"href":"https:\/\/klimasul.com.br\/index.php?rest_route=%2Fwp%2Fv2%2Fproduct_cat&post=1647"},{"taxonomy":"product_tag","embeddable":true,"href":"https:\/\/klimasul.com.br\/index.php?rest_route=%2Fwp%2Fv2%2Fproduct_tag&post=1647"}],"curies":[{"name":"wp","href":"https:\/\/api.w.org\/{rel}","templated":true}]}}