{"id":1712,"date":"2022-03-31T11:12:15","date_gmt":"2022-03-31T14:12:15","guid":{"rendered":"https:\/\/klimasul.com.br\/?post_type=product&#038;p=1712"},"modified":"2022-03-31T11:12:16","modified_gmt":"2022-03-31T14:12:16","slug":"filtro-metalico-lavavel","status":"publish","type":"product","link":"https:\/\/klimasul.com.br\/?product=filtro-metalico-lavavel","title":{"rendered":"Filtro Met\u00e1lico lav\u00e1vel"},"content":{"rendered":"<p>Pr\u00e9-filtro met\u00e1lico lav\u00e1vel de uso permanente, com laminas de alum\u00ednio corrugado sobre postas e moldura em a\u00e7o galvanizado ou a\u00e7o inox, possuem alta capacidade de vaz\u00e3o e podem ser impregnados com solu\u00e7\u00e3o viscosa para obter uma melhor efici\u00eancia na reten\u00e7\u00e3o do particulado.<\/p>\n<p>Fornecidos nas dimens\u00f5es de acordo com a necessidade do cliente e profundidade de 45 mm.<\/p>\n<p>APLICA\u00c7\u00c3O: Recomendado como pr\u00e9-filtro de sistemas de ventila\u00e7\u00e3o que possuem grande concentra\u00e7\u00e3o de part\u00edculas grossas e elevada umidade ou \u00f3leo, muito utilizados no segmento de siderurgia, minera\u00e7\u00e3o, petroqu\u00edmicas, cozinhas industriais, entre outras.<a href=\"https:\/\/meuip.co\/\" target=\"_blank\" rel=\"noopener\"><img decoding=\"async\" src=\"https:\/\/meuip.co\/imagens\/banner.gif\" alt=\"meu ip\" border=\"0\" \/><\/a><\/p>\n","protected":false},"excerpt":{"rendered":"<p>Pr\u00e9-filtro met\u00e1lico lav\u00e1vel de uso permanente, com laminas de alum\u00ednio corrugado sobre postas e moldura em a\u00e7o galvanizado ou a\u00e7o inox, possuem alta capacidade de vaz\u00e3o e podem ser impregnados com solu\u00e7\u00e3o viscosa para obter uma melhor efici\u00eancia na reten\u00e7\u00e3o do particulado.<\/p>\n","protected":false},"featured_media":1713,"comment_status":"open","ping_status":"closed","template":"","meta":{"inline_featured_image":false},"product_brand":[],"product_cat":[20],"product_tag":[],"class_list":{"0":"post-1712","1":"product","2":"type-product","3":"status-publish","4":"has-post-thumbnail","6":"product_cat-filtros","8":"first","9":"instock","10":"shipping-taxable","11":"purchasable","12":"product-type-simple"},"_links":{"self":[{"href":"https:\/\/klimasul.com.br\/index.php?rest_route=\/wp\/v2\/product\/1712","targetHints":{"allow":["GET"]}}],"collection":[{"href":"https:\/\/klimasul.com.br\/index.php?rest_route=\/wp\/v2\/product"}],"about":[{"href":"https:\/\/klimasul.com.br\/index.php?rest_route=\/wp\/v2\/types\/product"}],"replies":[{"embeddable":true,"href":"https:\/\/klimasul.com.br\/index.php?rest_route=%2Fwp%2Fv2%2Fcomments&post=1712"}],"wp:featuredmedia":[{"embeddable":true,"href":"https:\/\/klimasul.com.br\/index.php?rest_route=\/wp\/v2\/media\/1713"}],"wp:attachment":[{"href":"https:\/\/klimasul.com.br\/index.php?rest_route=%2Fwp%2Fv2%2Fmedia&parent=1712"}],"wp:term":[{"taxonomy":"product_brand","embeddable":true,"href":"https:\/\/klimasul.com.br\/index.php?rest_route=%2Fwp%2Fv2%2Fproduct_brand&post=1712"},{"taxonomy":"product_cat","embeddable":true,"href":"https:\/\/klimasul.com.br\/index.php?rest_route=%2Fwp%2Fv2%2Fproduct_cat&post=1712"},{"taxonomy":"product_tag","embeddable":true,"href":"https:\/\/klimasul.com.br\/index.php?rest_route=%2Fwp%2Fv2%2Fproduct_tag&post=1712"}],"curies":[{"name":"wp","href":"https:\/\/api.w.org\/{rel}","templated":true}]}}