{"id":979,"date":"2022-01-17T17:24:07","date_gmt":"2022-01-17T19:24:07","guid":{"rendered":"https:\/\/klimasul.com.br\/?post_type=product&#038;p=979"},"modified":"2022-04-06T11:08:25","modified_gmt":"2022-04-06T14:08:25","slug":"hxm-soler-palau","status":"publish","type":"product","link":"https:\/\/klimasul.com.br\/?product=hxm-soler-palau","title":{"rendered":"HXM &#8211; Soler &#038; Palau"},"content":{"rendered":"<p>Ventiladores axiais de parede, de a\u00e7o galvanizado, IP44, Classe B, pintados com pintura poli\u00e9ster anti-corrosiva, motor monof\u00e1sico 127V-60HZ ou 220V-60HZ de alum\u00ednio injetado, regul\u00e1vel, com condensador, com cabo de conex\u00e3o de 50 cm, e motor montado sobre rolamentos de esferas.<\/p>\n<p><strong>Outros dados<\/strong><br \/>\nSentido do ar Motor-H\u00e9lice (fluxo A).<br \/>\nTemperatura m\u00e1xima de trabalho:<br \/>\nModelos HXM-200 a HXM-300: +40\u00b0C.<\/p>\n<p><strong>Cabo de liga\u00e7\u00f5es incorporado<\/strong><br \/>\nMotor protegido contra corros\u00e3o com pintura poli\u00e9ster.<br \/>\nCabo de liga\u00e7\u00f5es, de 50 cm, que facilita a instala\u00e7\u00e3o.<\/p>\n<p>&nbsp;<\/p>\n<p><img decoding=\"async\" src=\"https:\/\/d26lpennugtm8s.cloudfront.net\/stores\/001\/116\/455\/rte\/s3.png\" alt=\"\" \/><\/p>\n","protected":false},"excerpt":{"rendered":"<h1 class=\"js-product-name h2 h1-md \" data-store=\"product-name-47200181\">HXM &#8211; Soler &amp; Palau<\/h1>\n<p>Ventiladores axiais de parede, de a\u00e7o galvanizado, IP44, Classe B, pintados com pintura poli\u00e9ster anti-corrosiva, motor monof\u00e1sico 127V-60HZ ou 220V-60HZ de alum\u00ednio injetado, regul\u00e1vel, com condensador, com cabo de conex\u00e3o de 50 cm, e motor montado sobre rolamentos de esferas.<\/p>\n","protected":false},"featured_media":1244,"comment_status":"open","ping_status":"closed","template":"","meta":{"inline_featured_image":false},"product_brand":[],"product_cat":[206,227],"product_tag":[],"class_list":{"0":"post-979","1":"product","2":"type-product","3":"status-publish","4":"has-post-thumbnail","6":"product_cat-exaustores-axiais-para-parede","7":"product_cat-solerpalau","9":"first","10":"instock","11":"shipping-taxable","12":"purchasable","13":"product-type-variable"},"_links":{"self":[{"href":"https:\/\/klimasul.com.br\/index.php?rest_route=\/wp\/v2\/product\/979","targetHints":{"allow":["GET"]}}],"collection":[{"href":"https:\/\/klimasul.com.br\/index.php?rest_route=\/wp\/v2\/product"}],"about":[{"href":"https:\/\/klimasul.com.br\/index.php?rest_route=\/wp\/v2\/types\/product"}],"replies":[{"embeddable":true,"href":"https:\/\/klimasul.com.br\/index.php?rest_route=%2Fwp%2Fv2%2Fcomments&post=979"}],"wp:featuredmedia":[{"embeddable":true,"href":"https:\/\/klimasul.com.br\/index.php?rest_route=\/wp\/v2\/media\/1244"}],"wp:attachment":[{"href":"https:\/\/klimasul.com.br\/index.php?rest_route=%2Fwp%2Fv2%2Fmedia&parent=979"}],"wp:term":[{"taxonomy":"product_brand","embeddable":true,"href":"https:\/\/klimasul.com.br\/index.php?rest_route=%2Fwp%2Fv2%2Fproduct_brand&post=979"},{"taxonomy":"product_cat","embeddable":true,"href":"https:\/\/klimasul.com.br\/index.php?rest_route=%2Fwp%2Fv2%2Fproduct_cat&post=979"},{"taxonomy":"product_tag","embeddable":true,"href":"https:\/\/klimasul.com.br\/index.php?rest_route=%2Fwp%2Fv2%2Fproduct_tag&post=979"}],"curies":[{"name":"wp","href":"https:\/\/api.w.org\/{rel}","templated":true}]}}